{"id":106,"date":"2019-07-19T16:45:58","date_gmt":"2019-07-19T14:45:58","guid":{"rendered":"http:\/\/joerg-woelker.de\/?page_id=106"},"modified":"2019-07-19T16:50:49","modified_gmt":"2019-07-19T14:50:49","slug":"all-ip","status":"publish","type":"page","link":"https:\/\/joerg-woelker.de\/?page_id=106","title":{"rendered":"All-IP"},"content":{"rendered":"\n<p>Umstellung aller Telefonanschl\u00fcsse der <strong>Telekom <\/strong>(Anlagenanschl\u00fcsse und Mehrger\u00e4teanschl\u00fcsse) auf <strong>VoIP<\/strong>.<\/p>\n\n\n\n<p>Wir unterst\u00fctzen Sie bei der Umstellung!<\/p>\n\n\n\n<p>Von der <strong>Beratung <\/strong>bei der Auswahl des passenden Angebots, \u00fcber die <strong>Pr\u00fcfung <\/strong>der Auftragsbest\u00e4tigung, wir <strong>begleiten <\/strong>die Umstellung und <strong>betreuen <\/strong>Sie in der Startphase bis zur erfolgreichen <strong>Inbetriebnahme<\/strong>.<\/p>\n","protected":false},"excerpt":{"rendered":"<p>Umstellung aller Telefonanschl\u00fcsse der Telekom (Anlagenanschl\u00fcsse und Mehrger\u00e4teanschl\u00fcsse) auf VoIP. Wir unterst\u00fctzen Sie bei der Umstellung! Von der Beratung bei der Auswahl des passenden Angebots, \u00fcber die Pr\u00fcfung der Auftragsbest\u00e4tigung, wir begleiten die Umstellung und betreuen Sie in der Startphase bis zur erfolgreichen Inbetriebnahme.<\/p>\n","protected":false},"author":1,"featured_media":0,"parent":0,"menu_order":0,"comment_status":"closed","ping_status":"closed","template":"","meta":{"footnotes":""},"class_list":["post-106","page","type-page","status-publish","hentry"],"_links":{"self":[{"href":"https:\/\/joerg-woelker.de\/index.php?rest_route=\/wp\/v2\/pages\/106","targetHints":{"allow":["GET"]}}],"collection":[{"href":"https:\/\/joerg-woelker.de\/index.php?rest_route=\/wp\/v2\/pages"}],"about":[{"href":"https:\/\/joerg-woelker.de\/index.php?rest_route=\/wp\/v2\/types\/page"}],"author":[{"embeddable":true,"href":"https:\/\/joerg-woelker.de\/index.php?rest_route=\/wp\/v2\/users\/1"}],"replies":[{"embeddable":true,"href":"https:\/\/joerg-woelker.de\/index.php?rest_route=%2Fwp%2Fv2%2Fcomments&post=106"}],"version-history":[{"count":3,"href":"https:\/\/joerg-woelker.de\/index.php?rest_route=\/wp\/v2\/pages\/106\/revisions"}],"predecessor-version":[{"id":112,"href":"https:\/\/joerg-woelker.de\/index.php?rest_route=\/wp\/v2\/pages\/106\/revisions\/112"}],"wp:attachment":[{"href":"https:\/\/joerg-woelker.de\/index.php?rest_route=%2Fwp%2Fv2%2Fmedia&parent=106"}],"curies":[{"name":"wp","href":"https:\/\/api.w.org\/{rel}","templated":true}]}}

<p>Umstellung aller Telefonanschlüsse der <strong>Telekom </strong>(Anlagenanschlüsse und Mehrgeräteanschlüsse) auf <strong>VoIP</strong>.</p>



<p>Wir unterstützen Sie bei der Umstellung!</p>



<p>Von der <strong>Beratung </strong>bei der Auswahl des passenden Angebots, über die <strong>Prüfung </strong>der Auftragsbestätigung, wir <strong>begleiten </strong>die Umstellung und <strong>betreuen </strong>Sie in der Startphase bis zur erfolgreichen <strong>Inbetriebnahme</strong>.</p>

<p>Umstellung aller Telefonanschlüsse der Telekom (Anlagenanschlüsse und Mehrgeräteanschlüsse) auf VoIP. Wir unterstützen Sie bei der Umstellung! Von der Beratung bei der Auswahl des passenden Angebots, über die Prüfung der Auftragsbestätigung, wir begleiten die Umstellung und betreuen Sie in der Startphase bis zur erfolgreichen Inbetriebnahme.</p>
